ppose -h + b = -50. What are the prime factors of h?
2, 29
List the prime factors of 98108460/1850*(-15)/(-9).
2, 3, 14731
Let m(d) = d**2 - 26*d + 10. Let a(z) = -5*z + 2. Let v(i) = 11*a(i) - 2*m(i). Let t be v(-5). Let j = t - -70. List the prime factors of j.
37
Suppose c + 3*b - 11772 - 16178 = 0, 139834 = 5*c + 3*b. What are the prime factors of c?
83, 337
Let v = -1 + 43. Let c = v + -34. Suppose c*y + 88 = 272. List the prime factors of y.
23
Suppose 0 = 5*q - 3*p + 3875, -4*q = 18*p - 14*p + 3068. Let f = 1697 + q. What are the prime factors of f?
5, 37
Let d be 3/(-1) - (8 - -132). Let g = 258 + d. Let l = 179 - g. List the prime factors of l.
2
Let n(o) = -36*o + 36. Let c be n(11). Let d be (4/(-10))/(4/c*3). Suppose 0 = 3*i - d, -2*k + 691 = 3*k - i. What are the prime factors of k?
139
Suppose -5*d - 3*r + 34136 = 0, 5*d - r - 2063 = 32085. What are the prime factors of d?
6829
Let r(g) = -2*g**2 - 16*g + 6. Let p be (8/16)/((-21)/10 - -2). Let l be r(p). Let y = l - 6. What are the prime factors of y?
2, 3, 5
Let y = -45 + 102. Let b be (1 + -3)/(-2) + 2 - -2. Suppose 38 + y = b*v. List the prime factors of v.
19
Let d(s) = 3*s - s - 6*s - 3 + s**3 + 2*s**2. Let j be d(-3). Suppose -6*y - 3*y + 180 = j. List the prime factors of y.
2, 5
Let m be (-4)/(-36) + 1420/18. Suppose 2*z - 62 = 3*z - 5*f, 2*f = 2*z + 84. Let n = z + m. List the prime factors of n.
2, 3, 7
Let m be ((-7)/(56/12))/(12/(-32)). What are the prime factors of 10*(-390)/(-12) - m?
3, 107
Suppose 2*p + 13 = 2*f - 9, -55 = 5*p + 4*f. Let l(b) be the second derivative of -2*b**3/3 - 23*b**2/2 - b. List the prime factors of l(p).
3, 7
Suppose 3*c + 5*t = 10*t + 11807, 5*t = c - 3939. What are the prime factors of c?
2, 7, 281
Let z(d) = -154*d**3 - 16*d**2 - 22*d + 15. List the prime factors of z(-7).
17, 37, 83
List the prime factors of ((-8)/36)/((-25)/735525).
2, 7, 467
Suppose -2*f - 4*u + 29752 = 0, 0 = -4*f - 3*u - 20145 + 79634. What are the prime factors of f?
2, 5, 1487
Let s(o) = -o**3 + o**2 - o - 11. Let p be s(0). Let r(y) = 20 + 3120*y - 6221*y + 3*y**2 + 3113*y. What are the prime factors of r(p)?
251
Suppose 394*i - 21668 = 392*i + 4*p, -4*i = 2*p - 43316. What are the prime factors of i?
2, 3, 5, 19
Let k(s) = -1477*s + 1219. List the prime factors of k(-6).
17, 593
Suppose 26*x - 22*x + 2736 = 0. Let i = x - -743. What are the prime factors of i?
59
Let g(s) = -1403*s - 84. List the prime factors of g(-31).
83, 523
Let p be (0 + 1)/1 - -12. Suppose -33*h = -3856 - 6115 + 731. Suppose -18*i = -p*i - h. List the prime factors of i.
2, 7
Suppose o - 1 = -2. Let h be (-8)/(-32) - (o + 327/(-4)). Let f = h - 3. What are the prime factors of f?
2, 5
Let k = -5287 + 5684. List the prime factors of k.
397
Suppose 33*a - 35190 = 10*a. Let f = -415 + a. What are the prime factors of f?
5, 223
Suppose -25*b - 1625 = -70925. List the prime factors of b.
2, 3, 7, 11
Suppose -20685*f = -20683*f - 16260. What are the prime factors of f?
2, 3, 5, 271
Let k(g) = 21*g - 569. Let b be k(27). Let w(y) = y**2 + 7*y + 7. Let s be w(-6). What are the prime factors of ((-3)/b)/(s/100)?
2, 3, 5
Suppose 0 = -h - 3*o + 63, 238 = 2*h + 2*h + 5*o. Suppose -i - h = -5*w, -4 = -3*i + 5. What are the prime factors of w*(1/1 + -3)*-4?
2, 3
Let n(m) = 217*m - 296. List the prime factors of n(27).
5563
Let d be -1 - (-6)/(-12)*116. List the prime factors of (404/(-10)*-1)/(d/(-885)).
2, 3, 101
Let f = 35 - -284. Suppose -7*q = -f - 1039. List the prime factors of q.
2, 97
Suppose 0 = -w + 31*w - 58470. What are the prime factors of w?
1949
Let c = -45 + 47. Suppose 5*s - 635 = -2*l, -6*l - 4*s = -c*l - 1300. Suppose -5*t + l = -40. List the prime factors of t.
2, 37
Let n(a) = -19*a + 2*a**2 - 11*a**2 + 36*a + a**3 - 10. Let u(k) = -k**3 - 6*k**2 + 7*k + 7. Let m be u(-7). What are the prime factors of n(m)?
11
Let b(x) = -485*x + 4402. List the prime factors of b(-51).
29137
Suppose -5*c + 4*s = -18, -4*c + 3*c - 2*s = 2. Let p be (1 - 2)/(-1)*0/c. Suppose 2*z = -3*v + 52, p*v + 5*v - z - 65 = 0. What are the prime factors of v?
2, 7
Let y be (0/2)/(4*(-3)/(-4)). Suppose y = 2*k + 865 + 2021. List the prime factors of (-16)/(-6)*k/(-52).
2, 37
Suppose 4 - 18 = -g + 4*s, 3*s = 3*g - 51. Suppose 10*w = g*w - 2608. List the prime factors of w.
2, 163
Suppose -v = 2*n - 4*n - 676, -3380 = -5*v + n. Suppose 2*g = -p + v, 5*p - 8*p + 2*g = -1988. What are the prime factors of p?
2, 3, 37
Let p(a) = -14*a + 2918. Let h be p(0). What are the prime factors of 67 + -73 + h/(1 + 1)?
1453
Suppose 33 - 39 = 3*z. What are the prime factors of z*(2 - 1266/4)?
17, 37
Let z(o) = 3*o**2 + 24*o + 13. Let s be z(-7). What are the prime factors of -18*(-664)/64 + (-2)/s?
11, 17
Let y be (-9)/6*((0 - -2) + 108). Let g be ((-192)/15)/(6/y). Suppose g + 203 = 3*o. What are the prime factors of o?
5, 37
Let b(a) = 23*a**2 + 51*a - 6. Let r be b(-7). Suppose 4*k - 1365 = -h, 5*k - 6106 - r = -5*h. What are the prime factors of h?
3, 17
Let j(z) = -5*z**2 - 17*z + 3942. List the prime factors of j(0).
2, 3, 73
Let i(t) = 24*t**2 + 35*t - 374. What are the prime factors of i(17)?
17, 421
Let u be (16/24 + -1)*(-3)/1. List the prime factors of ((-26220)/40)/((-21)/12 + u).
2, 19, 23
Let h be 502848/(-40) + (-20)/25. List the prime factors of (-6)/(-51) - h/68.
5, 37
Let z = 11319 + -6062. What are the prime factors of z?
7, 751
Let z = 65 - 53. Let j be 1/6 + (-2222)/z. Let g = -98 - j. List the prime factors of g.
3, 29
Let d = -11879 - -15981. List the prime factors of d.
2, 7, 293
Let j(z) be the first derivative of z**4/4 + 11*z**3/3 - 3*z**2 - 48*z - 62. List the prime factors of j(6).
2, 3, 11
Suppose 3*c - 2*c = -2*o + 7, 0 = 3*c + 5*o - 19. Suppose 30 = 3*h + c*h. Suppose -4*t = -2*a - 40 - 380, -h*a = 2*t - 234. What are the prime factors of t?
107
Let h(q) = -3*q**3 + 11*q + 6. Let k be h(-10). Let j = -1466 + k. List the prime factors of j.
2, 5, 11, 13
What are the prime factors of (6 - 4)*-4 - -1*6893?
3, 5, 17
Let a(x) = 16*x - 20. Let k(p) = 255*p - 321. Let g(i) = -33*a(i) + 2*k(i). Let w be g(-9). What are the prime factors of (w/(-105))/((-1)/42)?
2, 3
Let v = 26589 - 14684. What are the prime factors of v?
5, 2381
Let q(t) = 9709*t + 23. What are the prime factors of q(1)?
2, 3, 811
Let g(h) = -13*h - 82. Let f be g(-7). Suppose -6*q + f*q - 963 = -5*z, -5*q + 5*z + 1605 = 0. What are the prime factors of q?
3, 107
Let o(j) = 689*j**3 - j**2 - 4*j + 5. Suppose -195*z + 9 = -186*z. List the prime factors of o(z).
13, 53
Suppose q - u = -q + 7, -q - 4*u - 10 = 0. List the prime factors of (-1 - q) + -4 + 987 + -5.
3, 5, 13
Let y = -54 - -127. Let p = -76 + y. What are the prime factors of p/(-10)*5*10?
3, 5
Suppose -751 = -6*y + 5*y. Suppose 0 = 27*k - 2003 - y. List the prime factors of k.
2, 3, 17
Let s(o) = 556*o - 6614. List the prime factors of s(59).
2, 3, 5, 97
Let k(z) = 2*z**2 + z - 3. Let s be k(-2). Suppose 0 = -2*m - 2*t - 6, s*t + 13 = -m + 4. Suppose -2*n + 8*n - 324 = m. What are the prime factors of n?
2, 3
Let s be (-10)/(-3) - (-2)/(-3)*-1. Suppose -9 = -6*t + 9*t, s*p - 5*t = 347. What are the prime factors of p?
83
Suppose 5*t = 2*o + 6, -14*t = -o - 13*t. Suppose 0 = o*d - z - 799, 6*d + 3*z + 407 = 7*d. What are the prime factors of d?
2, 199
Suppose 16*p - 122039 = -3*p - 11231. List the prime factors of p.
2, 3
Suppose 0 = d + h, 0 = -6*d + 7*d - 2*h - 12. What are the prime factors of (-3*d/10)/((-91)/48230)?
2, 3, 53
Let h = 30 + -34. Suppose 0 = -42*a - 59 + 353. What are the prime factors of 1731/a + h/14?
13, 19
Let c = -11533 + 18629. List the prime factors of c.
2, 887
Suppose 0 = -206*w + 207*w - t - 45910, 0 = -2*w - 5*t + 91876. What are the prime factors of w?
2, 3, 2551
Let l be 10930/14 + 12/42. Let c = l - 528. What are the prime factors of c?
11, 23
Let h(u) be the second derivative of -u**4/6 - 2*u**3/3 - 25*u**2/2 - 16*u. Let t(z) = z**2 + 1. Let v(m) = h(m) + 4*t(m). List the prime factors of v(9).
3, 5, 7
Let g(c) = 27*c**3 - 3*c**2 + 2*c + 2. Let u be g(2). Suppose -112 = 2*y + 84. Let r = u + y. List the prime factors of r.
2, 7
Let r(z) = 177*z**2 - 26*z + 102. List the prime factors of r(4).
2, 5, 283
Suppose -j + 3*z - 8 = 0, -3*j = -j + 2*